*d**3 - 131*d**2 - 243*d - 123. List the prime factors of i(70).
3, 89, 101
Suppose 9*t - 1262 = 1744. Suppose 2*o = -4*l + 662, 4*o - 5*o - 5*l = -t. List the prime factors of o.
7, 47
Suppose -400 = -3*i + 428. Let h be (2 + 3 - 2)/1. Suppose -x + i = h*x. List the prime factors of x.
3, 23
Let k(b) = -13*b - 19. Suppose 3*q + 18 = 2*x + 2*q, 4*x = q + 38. Suppose 55 = -x*r - 45. List the prime factors of k(r).
3, 37
Let l(s) = -s**2 - 6*s - 5. Let i be l(-5). Suppose i = -8*q + 7*q - 1. What are the prime factors of 2 + -1*(-116 + q)?
7, 17
Let y be (-16)/80 + 66/5. Suppose 0 = -6*k + y - 1. Suppose 3*z = -2*p + 179, -3*p - k*z = -22 - 239. What are the prime factors of p?
5, 17
Suppose 2*c - 46 = 5*o, o - 4 = 3*o. Let f(q) = -10*q + 41. Let a(y) = -y + 2. Let u(d) = -6*a(d) - f(d). What are the prime factors of u(c)?
5, 47
Let i = -20480 + 37053. List the prime factors of i.
16573
Suppose -6*t + 15*t = -792. Let c be (-3)/12 + 1370/8. Let r = c + t. List the prime factors of r.
83
Let n(q) = 1532*q - 304. What are the prime factors of n(7)?
2, 5, 521
Let l(t) = 3*t - 48. Let w be l(16). Suppose 0 = -4*u - s + 550, 0 = -w*s + s - 2. What are the prime factors of u?
137
Let z(i) = -7*i**2 + 10*i - 10. Let b(y) = -y**2 - y - 1. Let l(m) = -6*b(m) + z(m). Suppose 88*q - 23*q - 455 = 0. What are the prime factors of l(q)?
59
Let q(z) = -143*z**3 - 3*z**2 - 1. Let m be q(-4). Suppose 10*h = 2747 + m. List the prime factors of h.
3, 5, 79
Let c(j) = 49*j**2 + 133*j - 431. List the prime factors of c(33).
31, 43
Let n be 4 - -4 - (-7)/((-28)/(-12)). Let f(q) = 16*q + q**3 + 5*q + 2 - 12*q**2 - 2*q. What are the prime factors of f(n)?
2, 3, 5
Let b(g) be the second derivative of 3*g**4/4 - g**3/2 - 5*g**2 + 30*g. What are the prime factors of b(5)?
2, 5
Suppose 0*p + 4*p = 4*r - 756, -2*p - 762 = -4*r. Suppose -n = r - 507. Suppose 79*o - 74*o = n. What are the prime factors of o?
3, 7
Let f be (3 - -3)*(-17)/(-2). Let p = f - 46. Suppose p*v - 4*t = 454, -2*v - 2*t = 2*v - 384. What are the prime factors of v?
2, 47
Suppose 11*x + 24 = 8*x - 5*w, 5*x = 4*w - 3. List the prime factors of ((-99)/44)/(x/152).
2, 3, 19
Let t(i) = -2*i + 5. Let n be t(1). Suppose -n*u + 24 = 9. List the prime factors of (0 - (-213)/2)*10/u.
3, 71
Let u(m) = 3318*m + 3677. List the prime factors of u(6).
5, 53, 89
Suppose -4*b = -5*n - 94, -4*b - 3*n + 106 = 28. Let c be (-6)/b + (-6774)/(-42). Let h = -20 + c. List the prime factors of h.
3, 47
Suppose -5*q = m - 1069, 2847 = 4*m + 2*q - 1429. Let b = m - 149. List the prime factors of b.
2, 5, 23
Suppose -46*y = -49*y. Suppose y*d = t - d - 368, -5*t - d + 1858 = 0. What are the prime factors of t?
7, 53
Suppose 16*j = 28253 - 9261. List the prime factors of j.
1187
Let c(b) = 16*b + 114. Suppose 0 = -23*f + 3*f. List the prime factors of c(f).
2, 3, 19
Let p(s) = -28 + s - 7*s**2 + 4*s + 6*s**3 + 17. List the prime factors of p(5).
19, 31
Suppose 16*u = 53283 + 22317. What are the prime factors of u?
3, 5, 7
Suppose 2*p - 13 = 2*y + 7*p, -2*p = 3*y + 14. Let r be (-10)/y*4/5. List the prime factors of 125 + -4 + (-4)/r.
7, 17
Let n be (208 + (-5)/(-30)*3)*2. List the prime factors of n/5 + (-1)/((-40)/(-16)).
83
Let a(y) = 2*y**2 + 11*y - 38. Let v be a(-8). Suppose -v*w = 166 - 664. List the prime factors of w.
3, 83
Let u = -68343 - -99353. What are the prime factors of u?
2, 5, 7, 443
Let z be (9/(-12))/(7/112). Let i(q) = -20*q - 12. Let v be i(z). Suppose 2*p + 2*p - v = 0. List the prime factors of p.
3, 19
Let y(n) = n**3 + 7*n**2 - 3*n - 31. Let g be y(-7). Let a be (-6)/(-15) + (-36)/g. Suppose -39 + 483 = a*x. List the prime factors of x.
3, 37
Suppose -m - 4*k = 4*m - 70, -28 = -2*m + 3*k. Suppose 2578 = m*q - 166. List the prime factors of q.
2, 7
Suppose 39*g - 9*g = -28*g + 2108532. What are the prime factors of g?
2, 3, 73, 83
Let m = -44411 + 46998. What are the prime factors of m?
13, 199
Let r(b) = -3*b**3 + 5*b**2 + 13*b - 8. Let q be r(-19). Suppose -16*l - q = -45*l. What are the prime factors of l?
7, 109
Let j(l) = -l**3 - 16*l**2 - 4*l - 55. Let n be j(-16). Let a(y) = 66*y - 103. List the prime factors of a(n).
491
Let s = -5879 - -13662. List the prime factors of s.
43, 181
Suppose -2*s + z = -0*s - 250, 639 = 5*s + z. Let q = s - 51. Suppose -q*v - 906 = -82*v. List the prime factors of v.
151
Suppose -9*m = 290 - 461. List the prime factors of 898 + m - 12/(-2).
13, 71
Let w = 11386 + -11353. List the prime factors of w.
3, 11
Let c = -117 - -120. Suppose 0 = 13*o - c*o - 3240. List the prime factors of o.
2, 3
Suppose -3*x - 5*s + 30287 = 0, -1319*x - 50468 = -1324*x + 2*s. What are the prime factors of x?
2, 7, 103
Suppose 17 = u - c, c - 22 = -u - 3*c. Let y be 104/u - (-14)/63. Suppose -y*q - q = -728. List the prime factors of q.
2, 13
Suppose -11 = -2*v - 1. Suppose -2*l = 3*r - 832, 1108 = 4*r - 3*l + v*l. Suppose 7*s = -3*n + 4*s + r, 3*n - 4*s - 290 = 0. What are the prime factors of n?
2, 47
Let w(i) = 2*i - 4. Let s be w(4). Suppose 0 = 2*n + 66 + s. List the prime factors of (-2010)/n - (-9)/(-21).
3, 19
Let d(g) = g**3 - 5*g**2 - 7*g - 22. Let s be ((-66)/((-8)/4) - -4) + -2. Suppose -s = 2*k - 53. List the prime factors of d(k).
239
Let a(z) = 1178*z - 4358. What are the prime factors of a(31)?
2, 3, 5, 67
Let z(c) = 46*c - 74. Let q be z(11). Suppose -5*y - q + 2612 = 5*m, 0 = -2*m - y + 868. What are the prime factors of m?
2, 3
Let q = 97 + -97. Suppose o + 4*r + q*r = 213, -414 = -2*o - 5*r. Suppose -4*s - 3*t - t = -836, -s + o = -3*t. What are the prime factors of s?
2, 103
Let f(d) = 291*d - 171. Let u(z) be the second derivative of 29*z**3/6 - 17*z**2/2 + 48*z. Let y(h) = 2*f(h) - 21*u(h). List the prime factors of y(-6).
3, 59
Suppose 5481 = 6*j - 7671. Let x = j + -739. List the prime factors of x.
1453
Let d(t) = -t**2 - 14*t + 16. Let x be d(-10). Let l(y) = 18*y**3 + 4*y + 2 - 61*y**2 + y + x*y**2 + 0*y. List the prime factors of l(2).
2, 17
Let w = 13246 + 2217. List the prime factors of w.
7, 47
List the prime factors of 3/(-30)*8*(-10 - 14360).
2, 3, 479
Suppose 0 = -6*q - 192 - 156. Let w(l) = l**3 + 2*l**2 - 5*l - 5. Let y be w(-5). Let h = y - q. What are the prime factors of h?
3
Let u(a) = 2*a**2 + 3*a - 51. Let y(h) = h**2 + 3*h - 52. Let v(r) = 4*u(r) - 5*y(r). List the prime factors of v(7).
2, 7, 13
Let p be (56/6)/(5 + 91/(-21)). Suppose 8*k + 2094 = p*k. List the prime factors of k.
349
Let c(z) = 12*z**3 - 10*z**2 + 2*z - 3. Let r be -11 - (-6 - 1) - -7. List the prime factors of c(r).
3, 79
Let v(b) = -b + 32. Suppose -19*f + 15*f + 5*c - 19 = 0, -2*f + 2*c - 12 = 0. What are the prime factors of v(f)?
43
Suppose -2*c + 7*c - 610 = 0. Let b be (14 - 5)/((-44 + 42)/(8/6)). Let n = c + b. What are the prime factors of n?
2, 29
Let g be 10*(-6)/4*6/(-10). Let j(b) = 17*b + 11. Let p(f) = 60*f + 39. Let w(l) = 18*j(l) - 5*p(l). What are the prime factors of w(g)?
3, 19
Let s(v) = v**3 + 12*v**2 + 19*v + 20. Let w(a) = 11*a**2 - 5 + 14*a**3 - 37*a**3 - 4 + 12*a + 22*a**3. Let u be w(12). What are the prime factors of s(u)?
2, 23
Let c(m) = -m**3 - 3*m**2 + 8*m + 19. Let a be c(-4). Suppose -5*s + 3*l = 2*l - 1128, -a*l - 9 = 0. List the prime factors of s.
3, 5
What are the prime factors of 3/13 - (-2301834)/442?
2, 3, 7, 31
Let c(u) = u**2 - 4*u - 131. Let y be c(-14). Let d = 240 - y. List the prime factors of d.
7, 17
Suppose -477 = -8*x - x. Let q = x - 51. Suppose -j - 355 = -8*s + 4*s, 0 = -q*s + j + 175. What are the prime factors of s?
2, 3, 5
Suppose 3 = 33*z - 34*z. Let d be (2484/(-45))/(z/20). List the prime factors of 1*(-2)/3 + d/12.
2, 3, 5
Let z(j) = 9*j**2 + 52*j + 21. Let s(g) = -71*g + 126. Let i be s(2). List the prime factors of z(i).
1493
Suppose -495 - 88 = -11*r. Suppose -2223 = 44*s - r*s. List the prime factors of s.
13, 19
Suppose 5*a - 4*a + 3*m = -4, -a + 4 = -m. Suppose i = 4*t - 19, -18*t + 20*t = -a*i + 2. What are the prime factors of t?
2
Suppose 5*q - 34397 - 61 = -y, -4*q = -2*y + 68902. List the prime factors of y.
131, 263
Let c(w) be the second derivative of 4*w**4/3 + 2*w**3/3 - 21*w**2/2 + 52*w. What are the prime factors of c(4)?
251
Let o(z) = 3145*z - 968. List the prime factors of o(17).
3, 19, 307
Supp